et g(m) = 200*m - 3234. Give g(16).
-34
Let w(x) = 2*x**3 - 129*x**2 + 60*x + 170. Determine w(64).
-86
Let g(h) = -58*h - 4001. Determine g(-69).
1
Let s(o) = 211*o + 5089. What is s(-24)?
25
Let c(k) = 135*k + 253. Give c(-6).
-557
Let o(z) = 9*z**3 + 30*z**2 - 156*z + 7. What is o(5)?
1102
Let a(w) = w**3 - 30*w**2 - 19*w - 375. Give a(31).
-3
Let m(v) = 1653*v - 11501. Determine m(7).
70
Let u(m) = -247*m + 2809. What is u(11)?
92
Let t(u) = -u**3 - 18*u**2 + 150*u + 81. Determine t(-24).
-63
Let w(x) = x**3 + 6*x**2 + 9*x + 27. Calculate w(-5).
7
Let a(m) = -m**2 + 11*m + 2. Calculate a(-3).
-40
Let o(u) = 3*u**2 + 116*u - 621. Calculate o(5).
34
Let v(l) = -4*l**2 - 482*l + 4679. Give v(9).
17
Let d(s) = -165*s + 30193. Calculate d(183).
-2
Let n(d) = 24*d - 461. What is n(19)?
-5
Let o(d) = -26*d - 386. Give o(-8).
-178
Let l(w) = 79*w - 2555. What is l(31)?
-106
Let s(n) = -5*n**3 - 133*n**2 + 684*n + 66. Give s(-31).
4
Let b(p) = -p**3 + 8*p**2 + 33*p - 16. Determine b(11).
-16
Let x(s) = s**2 + 20*s + 3. What is x(-17)?
-48
Let k(r) = -r**3 + 125*r**2 - 36*r + 4498. Give k(125).
-2
Let y(p) = p**3 - 24*p**2 - 26*p - 54. What is y(25)?
-79
Let b(g) = 2*g**2 + 26*g + 6. Determine b(-7).
-78
Let d(t) = 514*t - 1. Determine d(0).
-1
Let i(q) = -2*q**3 + 10*q**2 + 40*q - 224. What is i(5)?
-24
Let i(u) = -256*u**2 + 2303*u - 2. What is i(9)?
-11
Let z(i) = -i**2 - 209*i + 10233. Give z(41).
-17
Let s(y) = -34*y + 539. Give s(9).
233
Let x(f) = f**2 - 743*f - 76812. What is x(-92)?
8
Let c(u) = -3*u**3 + 49*u**2 + 290*u + 99. Give c(21).
15
Let o(z) = 32*z - 61. What is o(8)?
195
Let p(v) = v**3 - 38*v**2 + 152*v + 428. Calculate p(33).
-1
Let m(z) = -13*z - 700. What is m(-53)?
-11
Let w(y) = y**3 + 3*y**2 + 7*y + 43. Give w(-4).
-1
Let m(h) = -h**3 - 12*h**2 + 288*h + 3516. Determine m(-13).
-59
Let p(u) = -122*u + 1719. Give p(14).
11
Let o(m) = -m**3 + 10*m**2 - 32*m + 20. Calculate o(4).
-12
Let b(i) = -i**3 - 17*i**2 + 34*i - 89. Calculate b(-19).
-13
Let a(m) = m**3 - 76*m**2 + 153*m - 377. Determine a(74).
-7
Let k(m) = -m**3 + 17*m**2 + 24*m + 259. Give k(19).
-7
Let v(p) = 7152*p - 21456. Calculate v(3).
0
Let g(a) = a**3 - 7*a**2 + 46*a - 567. Determine g(9).
9
Let a(d) = d**3 + 34*d**2 + 46*d + 432. Determine a(-33).
3
Let t(q) = 19*q - 1477. Give t(76).
-33
Let z(j) = j**2 + 13*j - 43. Give z(-16).
5
Let q(j) = 21*j**2 - 233*j + 28. Determine q(11).
6
Let c(b) = b**2 - 140*b - 11. Calculate c(0).
-11
Let b(m) = 9*m**2 - 55*m + 25. Give b(9).
259
Let a(b) = -4163*b + 4164. What is a(1)?
1
Let v(b) = -6*b**2 + 2*b + 36. Give v(-4).
-68
Let a(u) = 69*u + 327. Calculate a(5).
672
Let w(p) = -p**2 + p + 16. Determine w(0).
16
Let n(b) = 33*b**2 + 98*b - 396. Determine n(4).
524
Let s(p) = -p**2 - 19*p - 24. Determine s(-16).
24
Let u(f) = -2*f**3 - 30*f**2 - 69*f - 604. Give u(-14).
-30
Let d(j) = j**3 - 44*j**2 + 50*j - 276. Determine d(43).
25
Let k(d) = 523*d + 12558. What is k(-24)?
6
Let o(d) = -d**2 - 5*d - 104. Give o(-9).
-140
Let q(b) = 625*b + 1233. Calculate q(-2).
-17
Let r(s) = -12*s + 46. Calculate r(10).
-74
Let i(y) = y**3 - 26*y**2 + 47*y + 34. Determine i(24).
10
Let q(s) = -5*s**2 + 15*s - 20. Give q(3).
-20
Let z(y) = y**2 - 223*y + 1688. Calculate z(8).
-32
Let p(w) = -13*w**2 + 428*w + 21. Calculate p(33).
-12
Let w(t) = -731*t + 16085. What is w(22)?
3
Let n(m) = -2*m**2 + 66*m - 5. What is n(-6)?
-473
Let v(k) = 805*k - 4831. What is v(6)?
-1
Let b(r) = -26*r + 557. What is b(20)?
37
Let l(k) = -k**3 + k**2 - k + 118. Give l(0).
118
Let c(a) = 291*a + 50379. Calculate c(-173).
36
Let w(d) = 871*d + 16542. Give w(-19).
-7
Let f(o) = 2*o**2 + 73*o - 326. Calculate f(-40).
-46
Let f(d) = 5*d**3 - 43*d**2 + 78*d + 59. Give f(5).
-1
Let g(p) = -6*p**3 - 7*p**2 + 1. Determine g(-2).
21
Let y(q) = -q**3 - 13*q**2 - 17*q - 5. Give y(-1).
0
Let l(k) = k**3 + 63*k**2 + 340*k - 143. What is l(-57)?
-29
Let i(v) = -v**3 + 31*v**2 - 203*v + 101. Calculate i(22).
-9
Let z(f) = -f**2 + 121*f - 1112. Determine z(10).
-2
Let v(h) = -3*h**2 - 25*h - 103. Calculate v(-7).
-75
Let i(l) = 164*l + 1639. Give i(-10).
-1
Let y(z) = -90*z - 144. Calculate y(5).
-594
Let v(y) = -495*y + 30689. What is v(62)?
-1
Let c(j) = 16*j - 51. Give c(9).
93
Let v(y) = -2761*y + 16611. Calculate v(6).
45
Let j(c) = -55*c + 124. Calculate j(4).
-96
Let l(m) = -202*m - 703. Give l(-4).
105
Let k(c) = -957*c - 62204. Calculate k(-65).
1
Let k(p) = -2*p**3 - 23*p**2 + 7*p - 63. Calculate k(-12).
-3
Let b(y) = -23*y**2 - 136*y + 5. Determine b(-6).
-7
Let p(d) = d**2 - 20*d + 46. What is p(19)?
27
Let f(t) = -52*t - 1229. Calculate f(-24).
19
Let d(q) = -82*q - 193. Calculate d(-8).
463
Let i(x) = 38*x + 2316. Calculate i(-62).
-40
Let l(m) = 46*m + 109. Determine l(-3).
-29
Let x(q) = 6535*q - 26162. What is x(4)?
-22
Let w(m) = 123*m - 47. Calculate w(6).
691
Let r(g) = -g**2 - 32*g + 173. Calculate r(5).
-12
Let b(m) = 2*m**2 - 74*m + 657. Determine b(23).
13
Let o(l) = 6*l**2 + 87*l + 187. What is o(-12)?
7
Let d(h) = -2*h**3 - 64*h**2 + 63*h - 85. What is d(-33)?
14
Let t(a) = 12*a + 91. Give t(3).
127
Let n(c) = 4*c**2 - 12. Give n(-5).
88
Let a(y) = -140*y + 32733. What is a(234)?
-27
Let d(z) = 3*z**3 + 5*z**2 + 5*z - 5. Determine d(0).
-5
Let w(n) = -n + 82. Determine w(-6).
88
Let d(j) = 179*j + 159. Determine d(-2).
-199
Let k(t) = 233*t**2 - 8857*t + 107. Give k(38).
-7
Let a(b) = -2*b**2 + 43*b + 74. What is a(24)?
-46
Let k(h) = -2*h**2 + 45*h + 39. Give k(17).
226
Let k(o) = -10*o**2 + 31*o + 13. Give k(5).
-82
Let z(l) = -l**2 - 20*l + 128. Calculate z(5).
3
Let x(u) = -u**3 + 10*u**2 + 5*u + 48. What is x(11)?
-18
Let l(y) = 134*y + 1122. What is l(-11)?
-352
Let h(k) = 20*k - 301. Give h(8).
-141
Let y(f) = f**3 + 242*f**2 + 138*f - 24826. What is y(-241)?
-3
Let i(x) = -383*x - 148222. Determine i(-387).
-1
Let z(a) = -a**3 + 69*a**2 - 138*a + 268. What is z(67)?
0
Let r(z) = -3*z**2 - 52*z - 23. What is r(-16)?
41
Let t(q) = 32*q**3 - 6*q + 3. Determine t(2).
247
Let s(f) = -267*f + 2784. Give s(10).
114
Let z(u) = -11*u + 284. Determine z(48).
-244
Let v(i) = 3*i**2 + 107*i + 107. Give v(-1).
3
Let l(m) = m**2 - 37*m + 82. Determine l(37).
82
Let t(v) = v**3 - 7*v**2 + 55*v + 63. What is t(-1)?
0
Let k(x) = -115*x + 4388. Calculate k(38).
18
Let o(k) = -3*k**2 + 45*k + 350. What is o(22)?
-112
Let h(m) = m**3 + 37*m**2 + 78*m + 125. What is h(-35)?
-155
Let h(y) = 25*y**3 - 71*y**2 - 2*y - 1. Give h(3).
29
Let q(i) = -i**3 + 4*i**2 + 27*i - 99. Determine q(7).
-57
Let g(i) = -5*i**2 + 31*i - 3. Give g(5).
27
Let o(j) = -8*j + 382. Calculate o(22).
206
Let g(o) = -5703*o - 68431. Determine g(-12).
5
Let n(z) = -128*z - 178. Determine n(-5).
462
Let w(q) = 22*q**2 + 683*q + 45. Calculate w(-31).
14
Let h(p) = 5*p**2 + p - 24. What is h(4)?
60
Let t(i) = 16*i - 199. Give t(0).
-199
Let f(o) = 27*o + 914. What is f(-28)?
158
Let f(w) = 31*w + 1039. Calculate f(-37).
-108
Let s(g) = -2*g**3 - 11*g**2 - 18*g. Give s(-8).
464
Let y(u) = u**2 - 13*u - 22. What is y(3)?
-52
Let d(g) = g**3 + 31*g**2 + 87*g + 65. Determine d(-28).
-19
Let y(s) = s**3 - 44*s**2 + 121*s + 90. Determine y(41).
8
Let d(j) = 2*j**2 + 70*j - 208. Calculate d(-36).
-136
Let d(p) = 13*p - 1606. Determine d(80).
-566
Let k(c) = 993*c + 3375. Determine k(-4).
-597
Let h(u) = 2*u**2 + 164*u + 771. What is h(-5)?
1
Let w(i) = i**2 + 518*i - 18779. Give w(34).
-11
Let d(h) = -402*h + 3553. Give d(9).
-65
Let m(h) = -13*h**2 - 113*h - 66. Determine m(-9).
-102
Let v(j) = 59*j - 2019. Determine v(37).
164
Let k(u) = 113*u + 353. Give k(-2).
127
Let t(m) = 55*m**2 + 595*m - 117. Calculate t(-11).
-7
Let g(o) = -o**2 - 236*o + 1702. Calculate g(7).
1
Let x(p) = p**3 + 33*p**2 - 37*p + 94. Give x(-34).
196
Let c(i) = 12*i**3 + 47*i**2 - 48*i. What is c(1)?
11
Let c(r) = -r**2 + 110*r - 1353. What is c(14)?
-9
Let a(t) = -597*t + 3054. Calculate a(5).
69
Let t(r) = -35*r**2 - 38*r - 89. What is t(-2)?
-153
Let q(m) = -122*m - 1118. Determine q(-11).
224
Let f(p) = 9*p**2 - 28*p + 29. Calculate f(7).
274
Let q(x) = 95*x + 3038. Give q(-32).
-2
Let q(j) = 9*j**2 + 26*j + 114. Calculate q(-7).
373
Let u(a) = -38*a + 193. Determine u(5).
3
Let g(q) = -7520*q + 45128. Give g